= y*w - 429. Is w a prime number?
False
Let t(x) = x**3 + 20*x**2 + 36*x + 44. Let s be t(-18). Suppose 0*y - 1790 = -3*h - y, 0 = 3*h + 5*y - 1786. Let z = h + s. Is z composite?
False
Let q = -87 + 90. Suppose 3*p + 58 = 2*l + 8*p, 0 = q*l + 3*p - 69. Suppose -l*w + 36881 = -6*w. Is w a prime number?
True
Suppose 0 = b + 2, -2*o = -7*o + 2*b + 44. Let w(m) = -4*m + 97*m**2 - 5*m + o*m. Is w(2) composite?
True
Let o(x) = x**3 + 4*x**2 - 12*x + 76. Let l(d) = d**2 - 2*d. Let k(f) = 6*l(f) - o(f). Is k(-25) composite?
True
Suppose -v = -j - 605445, 2*v - j = 4*v - 1210866. Is v composite?
True
Let t(n) = -n**3 + 3*n**2 - 6*n + 1. Let x be t(6). Suppose -24792 - 3271 = -31*m + 17135. Let o = m + x. Is o a composite number?
True
Suppose 15*h - 12*h = -153. Let r = h + 57. Is (-24)/(-15) + r/15 + 285 a composite number?
True
Let v = 187122 + -46939. Is v a prime number?
False
Let v = 14563 - 9702. Is v a prime number?
True
Let w(j) = j**3 - 6*j**2 - 10*j + 31. Let a be (4/(-6) - (-5 + 4))*24. Is w(a) prime?
True
Suppose -y + 6 = 2*h, -13*y + 8*y = -5*h + 30. Suppose 0 = -h*x - 3*l - 2086 + 6939, 0 = -2*x + 4*l + 2432. Is x a prime number?
False
Let u(m) = -m**2. Let f(a) = a**3 - 13*a**2 - 12*a - 23. Let k(y) = f(y) + 3*u(y). Let w(b) = b**3 + 14*b**2 - 51*b + 17. Let d be w(-17). Is k(d) prime?
False
Let y(l) = -l + 3. Suppose -7*w - 2 = 19. Let v be y(w). Is ((-1834)/v)/(-1)*3 composite?
True
Let t be 1*(-3 + 7 - 3 - 12). Let a = t + 14. Suppose 0 = -a*d + 7*d - 1676. Is d a composite number?
False
Let k = 2868 + -849. Let u = k - -3332. Is u prime?
True
Let i(t) = t**2 + 26*t + 125. Let w be i(-20). Suppose 5*m - 3*j = -w*j + 107343, 64421 = 3*m + 5*j. Is m composite?
False
Suppose 240*f - 225*f = 5188905. Suppose -11*p + f = 118040. Is p a prime number?
True
Let b be 122*1*(3 + 28/(-8)). Let o = -31 - b. Suppose 7*g = 4*g + o. Is g prime?
False
Let t be 6/1 + (32 - 28). Suppose 7646 = t*x - 4624. Is x a prime number?
False
Suppose 52*f - 54*f = -l - 49, -4*l + 68 = 4*f. Let q(a) = 446*a - 151. Is q(f) prime?
True
Let h = -420953 - -1419766. Is h prime?
True
Let t(x) = 47*x**2 + 21*x - 53. Let i(j) = -2*j + 1. Let a(d) = 6*i(d) + t(d). Is a(-12) a composite number?
True
Let w = -10456 + 317535. Is w a composite number?
False
Suppose -2*j - 29*r + 34*r = -34901, -5*j - 5*r = -87340. Is j a prime number?
False
Let o(g) = -124173 + 3*g**2 + 4*g + 5*g + 124150. Suppose 0 = 3*w - 21 - 0. Is o(w) a composite number?
True
Suppose -4*q - 92 = 3*r - 1044, -2*q + 314 = r. Suppose -34*n + 177484 = 69126. Let x = r + n. Is x prime?
True
Let s = 62888 + -14529. Is s a prime number?
False
Is (10156732/(-649))/(8/(-44)) composite?
True
Let s be (-100)/(-30)*(-18)/(-4). Is (-6)/30 - (-9738)/s a prime number?
False
Suppose 0 = 2*a + 2*n + 6, 3*a + n + 10 - 11 = 0. Let h(l) = 27 - 8*l + 8*l**a + l - 31 + 6*l**2. Is h(-9) a prime number?
True
Let m be (1*(-3 - -3))/1. Is m - -4832 - (11/(-11) - 4) a composite number?
True
Let x be 2*(10/2 - 8469/6). Let h = x - -4484. Is h composite?
True
Suppose -11*v = -27*v + 4116032. Suppose v = 32*t - 177276. Is t a composite number?
True
Suppose 47*y - 65*y - 51*y + 2287281 = 0. Is y prime?
True
Let i = -288344 - -767425. Is i prime?
True
Suppose -806058 - 710990 = -104*t. Is t a prime number?
False
Suppose 0 = -13*u - 5*u + 162. Suppose 4*z - l = 0, -4*l = 3*z - z. Is 752 + u/(z + -3) composite?
True
Let z = -133 - -122. Is (-3 + 2904)/(((-33)/2)/z) a prime number?
False
Let v(w) = -3*w**2 + 15*w + 21. Let h be v(6). Suppose -3*o + 4*m + 26985 = 0, -8*o = -h*o - 2*m - 44989. Is o a composite number?
False
Is 6 + 6/((-75549)/75567 - -1) a composite number?
True
Let f = 135 + -132. Suppose -7*j = -6*j - 5*k - 1514, -1508 = -j + f*k. Is j a composite number?
False
Let t = 78575 + -32901. Is (2/4)/(41/t) a composite number?
False
Let f(u) = -u**2 + 15*u - 13. Let c be f(14). Let t be c/((-4)/40)*(-124)/(-10). Is (15/(-20))/(1/(-4)) - t composite?
False
Let w(b) = -2*b**2 + 2*b - 6. Let q be w(-4). Let p be q/(-23)*(17 + (-1)/1). Suppose 29*f - p*f + 1023 = 0. Is f composite?
True
Let p(w) = 175*w + 86. Let o = 64 - 35. Is p(o) composite?
True
Let r = -292974 + 652427. Is r a prime number?
False
Suppose -12*v - 3733 + 925 = 0. Let d(i) = 4*i**3 - 3*i**2 - 7*i + 3. Let n be d(5). Let a = n + v. Is a composite?
True
Is (7 - 10)*1/(0 - 6/2670574) a prime number?
True
Let t(b) = 10*b + 41. Suppose 186 = 3*u - k, -2*u - 3*u - 3*k = -324. Let r = -46 + u. Is t(r) prime?
True
Suppose 2*g = h - 99044, -1 = -4*g - 5. Suppose -5*q - 3*b = -h, 4*q - 5*b - 55394 - 23847 = 0. Is q/21 + 16/(-56) composite?
True
Suppose 2*q + 2 - 6 = 0. Suppose -q*o - 4*f - 20 + 1300 = 0, 2*o - 1271 = 5*f. Is (o/3)/(8/12) composite?
True
Let j(z) = 3*z + 48. Suppose -17*c + 3*c = 126. Let o be j(c). Let q(b) = 2*b**2 + 29*b - 40. Is q(o) a composite number?
False
Suppose 2*s - 8 = 0, -8*s + 4*s - 4 = f. Is f/8 - 13764/(-24) composite?
False
Let h(q) = -344*q**3 + 12*q - 7. Is h(-4) a prime number?
True
Suppose 5*g = 4*a + 19155, 19155 = 5*g - a - 0*a. Suppose 10*b - g = 7*b. Is b composite?
False
Let p(j) be the second derivative of 601*j**3/2 - 13*j**2/2 + 3*j. Let o be p(3). Let q = o + -3175. Is q composite?
False
Suppose -17 - 123 = -7*k. Suppose -15*j = -k*j. Suppose j*b + 1455 = 5*b. Is b a composite number?
True
Let c be (311 - -4)*(-5 + (3 - -1)). Let q = 1060 + c. Is q prime?
False
Let s(l) = l**2 - 13*l + 25. Let i = 37 + -26. Let x be s(i). Suppose 0 = 5*n + x*u - 5317, 7*n - 4224 = 3*n + 5*u. Is n composite?
False
Let t(b) = -b**2 + 13*b - 23. Let i be t(10). Suppose i*x - x = -1866. Let v = x - -532. Is v composite?
True
Suppose 3*o - 48 = 4*n, -7*n - 15 = -2*n. Is (2411/(-3))/(0 + (-4)/o) prime?
True
Let j = 62 + -57. Suppose -j*x = -5*s - 2*x - 3997, 3*x = -4*s - 3203. Let r = s - -1197. Is r a prime number?
True
Suppose f - 2*d - 144437 = 0, -99*d + 95*d + 433311 = 3*f. Is f a prime number?
False
Suppose 0 = -q + 4*b + 887445 + 412554, 2*b = -10. Is q prime?
True
Suppose 0*o - 2*v = 2*o - 10, -v - 25 = -5*o. Suppose -3*y = 3*w - 39, 0 = o*w - 2*w + 4*y - 39. Suppose 3561 - 15794 = -w*u. Is u a composite number?
False
Suppose 769*c - 756*c - 184431 = 0. Is c prime?
False
Suppose 5*l + 39 = -46. Let i = 639 + -639. Is (-7 + i/(-1))*l a prime number?
False
Let l(n) = -n**3 - 30*n**2 - 35*n + 25. Let v be l(-28). Let o be -3 - -1*(3 - 1624). Let c = v - o. Is c a composite number?
False
Is (-15)/(-10)*(-1127502)/(-27) prime?
True
Let u(i) be the second derivative of 6*i**3 + 29*i**2/2 + 22*i. Let p be u(-10). Let b = 584 + p. Is b composite?
True
Suppose -4*p + 3*p = -2. Suppose 234 = 2*b + p*u, 8*b - 5*b = -2*u + 346. Suppose -7690 = b*q - 114*q. Is q composite?
True
Let l(a) = a**2 - 2*a + 6. Let k be l(4). Let d(w) = -3 + 121*w**3 - 120*w**3 + w**2 - w - 11*w**2 + 4 - 2*w**2. Is d(k) a composite number?
False
Suppose 80 = 3*v + 2*v. Suppose -21 = 13*y - v*y. Suppose 4*a - 13409 = -y*a. Is a prime?
False
Let m = -24 - -18. Let n(a) = -73*a + 12*a**2 - 5*a**2 - 4 + 68*a. Is n(m) composite?
True
Let a(k) be the second derivative of -17*k**4/4 - 5*k**3/6 + 3*k**2/2 + 18*k. Let y(v) be the first derivative of a(v). Is y(-7) prime?
True
Suppose 959366 = -128*z + 10593286. Is z composite?
True
Let h = 12284 + -17217. Let u = h + 7638. Is u a composite number?
True
Suppose -4*l + 760 = 304. Suppose 3*u = 3*q - 255, -3*u = -2*q + 51 + l. Is 4/q*-3 - (-13388)/60 composite?
False
Let x(p) = -2*p**3 + 2*p**2 + 8*p + 4. Let l be x(-3). Let u = l - 52. Suppose s + 0*s - 339 = u. Is s composite?
True
Let z(v) = -v**2 + 9*v + 18. Let u be z(11). Let w = u + 18. Suppose 17*m - 291 = w*m. Is m prime?
True
Suppose 340 = -6*d - 11*d. Is 21/35 + 571*(-568)/d a prime number?
True
Let i(o) = -392*o**3 + o. Let y(w) = 3*w**2 - w. Let t be y(1). Suppose -9 = 11*c + t. Is i(c) a composite number?
True
Suppose -5*f = 8*d - 5*d + 102776, -5*d = 2*f + 41099. Let u = f + 53550. Is u a prime number?
True
Suppose 3*a + 4*s = 796064, -2*a - 13*s = -14*s - 530724. Suppose 20*o = -88180 + a. Is o composite?
True
Let k = -346528 + 691825. Is k a composite number?
True
Suppose 0 = -19602*m + 19621*m - 18908287. Is m prime?
True
Let g(r) = -7*r**2 - 32 + 9*r**2 + 22*r**2 + 69*